{"id":11,"date":"2025-11-02T18:19:34","date_gmt":"2025-11-02T18:19:34","guid":{"rendered":"https:\/\/haryapproje.com\/?page_id=11"},"modified":"2025-11-04T13:10:58","modified_gmt":"2025-11-04T13:10:58","slug":"contact-2","status":"publish","type":"page","link":"https:\/\/haryapproje.com\/?page_id=11","title":{"rendered":"\u0130LET\u0130\u015e\u0130M"},"content":{"rendered":"\t\t<div data-elementor-type=\"wp-page\" data-elementor-id=\"11\" class=\"elementor elementor-11\">\n\t\t\t\t<div class=\"elementor-element elementor-element-7001c14 e-grid e-con-boxed e-con e-parent\" data-id=\"7001c14\" data-element_type=\"container\">\n\t\t\t\t\t<div class=\"e-con-inner\">\n\t\t\t\t<div class=\"elementor-element elementor-element-8e62d2a elementor-widget elementor-widget-text-editor\" data-id=\"8e62d2a\" data-element_type=\"widget\" data-widget_type=\"text-editor.default\">\n\t\t\t\t\t\t\t\t\t<div class=\"title\" style=\"color: #555855; font-family: sans-serif; font-size: 18px;\"><p class=\"wow fadeInUp\" style=\"margin-bottom: 1rem; line-height: 30px; visibility: visible; animation-delay: 0.4s;\" data-wow-delay=\".4s\">M\u00fc\u015fterilerimizle g\u00fc\u00e7l\u00fc ve etkili bir ba\u011f kurmay\u0131 hedefliyoruz. \u0130leti\u015fim s\u00fcrecinde \u015feffafl\u0131k, h\u0131zl\u0131 geri d\u00f6n\u00fc\u015f ve etkili \u00e7\u00f6z\u00fcmler \u00fcretmek en temel prensiplerimizdir. Projeleriniz i\u00e7in ilk ad\u0131mdan tamamlanma s\u00fcrecine kadar yan\u0131n\u0131zday\u0131z.<\/p><\/div><div class=\"contact__area-left-contact wow fadeInUp\" style=\"margin-top: 45px; color: #555855; font-family: sans-serif; font-size: 18px; visibility: visible; animation-delay: 0.7s;\" data-wow-delay=\".7s\"><div class=\"contact__area-left-contact-item\" style=\"display: flex; margin-bottom: 25px; gap: 25px;\"><div class=\"contact__area-left-contact-item-icon\"><a style=\"outline: none; transition-duration: 0.4s; transition-timing-function: ease; transition-property: all; font-size: 16px;\" href=\"https:\/\/www.haryap.com.tr\/iletisim.php#\" target=\"_blank\" rel=\"noopener\"><img decoding=\"async\" class=\"alignnone size-full wp-image-182\" src=\"https:\/\/haryapproje.com\/wp-content\/uploads\/2025\/11\/tel-logo.jpg\" alt=\"\" width=\"60\" height=\"68\" \/><\/a><\/div><div class=\"contact__area-left-contact-item-content\"><h6 style=\"margin: 0px; font-weight: 400; line-height: 26px; font-size: 18px; padding-right: 0px; padding-bottom: 0px; padding-left: 0px; color: #222222; font-family: sans-serif; max-width: 240px;\"><a style=\"outline: none; transition-duration: 0.4s; transition-timing-function: ease; transition-property: all; font-size: 16px;\" href=\"tel:\">0212 881 17 61<\/a><\/h6><\/div><\/div><div class=\"contact__area-left-contact-item\" style=\"display: flex; margin-bottom: 25px; gap: 25px;\"><div class=\"contact__area-left-contact-item-icon\"><a style=\"outline: none; transition-duration: 0.4s; transition-timing-function: ease; transition-property: all; font-size: 16px;\" href=\"https:\/\/www.haryap.com.tr\/iletisim.php#\" target=\"_blank\" rel=\"noopener\"><img decoding=\"async\" class=\"alignnone size-medium wp-image-184\" src=\"https:\/\/haryapproje.com\/wp-content\/uploads\/2025\/11\/mail.jpg\" alt=\"\" width=\"70\" height=\"63\" \/><\/a><\/div><div class=\"contact__area-left-contact-item-content\"><h6 style=\"margin: 0px; font-weight: 400; line-height: 26px; font-size: 18px; padding-right: 0px; padding-bottom: 0px; padding-left: 0px; color: #222222; font-family: sans-serif; max-width: 240px;\"><a style=\"outline: none; transition-duration: 0.4s; transition-timing-function: ease; transition-property: all; font-size: 16px;\" href=\"mailto:\">info@haryap.com.tr<\/a><\/h6><\/div><\/div><div class=\"contact__area-left-contact-item\" style=\"display: flex; margin: 0px; gap: 25px;\"><div class=\"contact__area-left-contact-item-icon\"><a style=\"outline: none; transition-duration: 0.4s; transition-timing-function: ease; transition-property: all; font-size: 16px;\" href=\"https:\/\/www.haryap.com.tr\/iletisim.php#\" target=\"_blank\" rel=\"noopener\"><img decoding=\"async\" class=\"alignnone size-medium wp-image-183\" src=\"https:\/\/haryapproje.com\/wp-content\/uploads\/2025\/11\/konum.jpg\" alt=\"\" width=\"74\" height=\"62\" \/><\/a><\/div><div class=\"contact__area-left-contact-item-content\"><h6 style=\"margin: 0px; font-weight: 400; line-height: 26px; font-size: 18px; padding-right: 0px; padding-bottom: 0px; padding-left: 0px; color: #222222; font-family: sans-serif; max-width: 240px;\"><a style=\"outline: none; transition-duration: 0.4s; transition-timing-function: ease; transition-property: all; font-size: 16px;\" href=\"https:\/\/www.haryap.com.tr\/iletisim.php#\" target=\"_blank\" rel=\"noopener\">Cumhuriyet Mh. D-100 Karayolu Cad \u0130stanbul Outlet Park No: 374\/149 B\u00dcY\u00dcK\u00c7EKMECE \/ \u0130STANBUL<\/a><\/h6><\/div><\/div><\/div>\t\t\t\t\t\t\t\t<\/div>\n\t\t\t\t\t<\/div>\n\t\t\t\t<\/div>\n\t\t<div class=\"elementor-element elementor-element-9e98da6 e-flex e-con-boxed e-con e-parent\" data-id=\"9e98da6\" data-element_type=\"container\">\n\t\t\t\t\t<div class=\"e-con-inner\">\n\t\t\t\t<div class=\"elementor-element elementor-element-158a048 elementor-widget elementor-widget-html\" data-id=\"158a048\" data-element_type=\"widget\" data-widget_type=\"html.default\">\n\t\t\t\t\t<iframe src=\"https:\/\/www.google.com\/maps\/embed?pb=!1m18!1m12!1m3!1d4917.694050431343!2d28.628179835607984!3d41.018445937009425!2m3!1f0!2f0!3f0!3m2!1i1024!2i768!4f13.1!3m3!1m2!1s0x14b55fb8192ba5a3%3A0xfe842d532ba9b21a!2zSEFSWUFQIMSwTsWeQUFUIEEuxZ4u!5e1!3m2!1str!2str!4v1762238142151!5m2!1str!2str\" width=\"600\" height=\"450\" style=\"border:0;\" allowfullscreen=\"\" loading=\"lazy\" referrerpolicy=\"no-referrer-when-downgrade\"><\/iframe>\t\t\t\t<\/div>\n\t\t\t\t\t<\/div>\n\t\t\t\t<\/div>\n\t\t<div class=\"elementor-element elementor-element-06ed619 e-flex e-con-boxed e-con e-parent\" data-id=\"06ed619\" data-element_type=\"container\">\n\t\t\t\t\t<div class=\"e-con-inner\">\n\t\t\t\t<div class=\"elementor-element elementor-element-12ead56 elementor-widget elementor-widget-wpzoom-elementor-addons-carousel\" data-id=\"12ead56\" data-element_type=\"widget\" data-settings=\"{&quot;animation_speed&quot;:300,&quot;autoplay&quot;:&quot;yes&quot;,&quot;autoplay_speed&quot;:3000,&quot;loop&quot;:&quot;yes&quot;,&quot;navigation&quot;:&quot;arrow&quot;,&quot;slides_to_show&quot;:4,&quot;slides_to_show_tablet&quot;:3,&quot;slides_to_show_mobile&quot;:2}\" data-widget_type=\"wpzoom-elementor-addons-carousel.default\">\n\t\t\t\t<div class=\"elementor-widget-container\">\n\t\t\t\t\t<div class=\"wpzjs-slick wpz-slick wpz-slick--carousel\">\n\n\t\t\t\n\t\t\t\t<div class=\"wpz-slick-slide\">\n\t\t\t\t\t<div class=\"wpz-slick-item\">\n\t\t\t\t\t\t\t\t\t\t\t\t\t<img decoding=\"async\" class=\"wpz-slick-img\" src=\"https:\/\/haryapproje.com\/wp-content\/uploads\/2025\/11\/atik4.jpg\" alt=\"\">\n\t\t\t\t\t\t\n\t\t\t\t\t\t\t\t\t\t\t<\/div>\n\t\t\t\t<\/div>\n\n\t\t\t\n\t\t\t\t<div class=\"wpz-slick-slide\">\n\t\t\t\t\t<div class=\"wpz-slick-item\">\n\t\t\t\t\t\t\t\t\t\t\t\t\t<img decoding=\"async\" class=\"wpz-slick-img\" src=\"https:\/\/haryapproje.com\/wp-content\/uploads\/2025\/11\/atik3.jpg\" alt=\"\">\n\t\t\t\t\t\t\n\t\t\t\t\t\t\t\t\t\t\t<\/div>\n\t\t\t\t<\/div>\n\n\t\t\t\n\t\t\t\t<div class=\"wpz-slick-slide\">\n\t\t\t\t\t<div class=\"wpz-slick-item\">\n\t\t\t\t\t\t\t\t\t\t\t\t\t<img decoding=\"async\" class=\"wpz-slick-img\" src=\"https:\/\/haryapproje.com\/wp-content\/uploads\/2025\/11\/atik1.jpg\" alt=\"\">\n\t\t\t\t\t\t\n\t\t\t\t\t\t\t\t\t\t\t<\/div>\n\t\t\t\t<\/div>\n\n\t\t\t\n\t\t\t\t<div class=\"wpz-slick-slide\">\n\t\t\t\t\t<div class=\"wpz-slick-item\">\n\t\t\t\t\t\t\t\t\t\t\t\t\t<img decoding=\"async\" class=\"wpz-slick-img\" src=\"https:\/\/haryapproje.com\/wp-content\/uploads\/2025\/11\/gayrimenkul.jpg\" alt=\"\">\n\t\t\t\t\t\t\n\t\t\t\t\t\t\t\t\t\t\t<\/div>\n\t\t\t\t<\/div>\n\n\t\t\t\n\t\t\t\t<div class=\"wpz-slick-slide\">\n\t\t\t\t\t<div class=\"wpz-slick-item\">\n\t\t\t\t\t\t\t\t\t\t\t\t\t<img decoding=\"async\" class=\"wpz-slick-img\" src=\"https:\/\/haryapproje.com\/wp-content\/uploads\/2025\/11\/karayolu7.jpg\" alt=\"\">\n\t\t\t\t\t\t\n\t\t\t\t\t\t\t\t\t\t\t<\/div>\n\t\t\t\t<\/div>\n\n\t\t\t\n\t\t\t\t<div class=\"wpz-slick-slide\">\n\t\t\t\t\t<div class=\"wpz-slick-item\">\n\t\t\t\t\t\t\t\t\t\t\t\t\t<img decoding=\"async\" class=\"wpz-slick-img\" src=\"https:\/\/haryapproje.com\/wp-content\/uploads\/2025\/11\/StockSnap_M6D1GS9PSL.jpg\" alt=\"\">\n\t\t\t\t\t\t\n\t\t\t\t\t\t\t\t\t\t\t<\/div>\n\t\t\t\t<\/div>\n\n\t\t\t\n\t\t\t\t<div class=\"wpz-slick-slide\">\n\t\t\t\t\t<a class=\"wpz-slick-item\" href=\"https:\/\/haryapproje.com\/\">\n\t\t\t\t\t\t\t\t\t\t\t\t\t<img decoding=\"async\" class=\"wpz-slick-img\" src=\"https:\/\/haryapproje.com\/wp-content\/uploads\/2025\/11\/StockSnap_6O7JXC5DC5.jpg\" alt=\"\">\n\t\t\t\t\t\t\n\t\t\t\t\t\t\t\t\t\t\t\t\t<div class=\"wpz-slick-content\">\n\t\t\t\t\t\t\t\t\t\t\t\t\t\t\t\t\t\t\t\t\t\t\t\t\t<p class=\"wpz-slick-subtitle\">deneme<\/p>\n\t\t\t\t\t\t\t\t\t\t\t\t\t\t\t<\/div>\n\t\t\t\t\t\t\t\t\t\t\t<\/a>\n\t\t\t\t<\/div>\n\n\t\t\t\n\t\t<\/div>\n\n\t\t\t\t\t<button type=\"button\" class=\"slick-prev\"><svg aria-hidden=\"true\" class=\"e-font-icon-svg e-fas-chevron-left\" viewBox=\"0 0 320 512\" xmlns=\"http:\/\/www.w3.org\/2000\/svg\"><path d=\"M34.52 239.03L228.87 44.69c9.37-9.37 24.57-9.37 33.94 0l22.67 22.67c9.36 9.36 9.37 24.52.04 33.9L131.49 256l154.02 154.75c9.34 9.38 9.32 24.54-.04 33.9l-22.67 22.67c-9.37 9.37-24.57 9.37-33.94 0L34.52 272.97c-9.37-9.37-9.37-24.57 0-33.94z\"><\/path><\/svg><\/button>\n\t\t\n\t\t\t\t\t<button type=\"button\" class=\"slick-next\"><svg aria-hidden=\"true\" class=\"e-font-icon-svg e-fas-chevron-right\" viewBox=\"0 0 320 512\" xmlns=\"http:\/\/www.w3.org\/2000\/svg\"><path d=\"M285.476 272.971L91.132 467.314c-9.373 9.373-24.569 9.373-33.941 0l-22.667-22.667c-9.357-9.357-9.375-24.522-.04-33.901L188.505 256 34.484 101.255c-9.335-9.379-9.317-24.544.04-33.901l22.667-22.667c9.373-9.373 24.569-9.373 33.941 0L285.475 239.03c9.373 9.372 9.373 24.568.001 33.941z\"><\/path><\/svg><\/button>\n\t\t\n\t\t\t\t\t\t<\/div>\n\t\t\t\t<\/div>\n\t\t\t\t\t<\/div>\n\t\t\t\t<\/div>\n\t\t\t\t<\/div>\n\t\t","protected":false},"excerpt":{"rendered":"<p>M\u00fc\u015fterilerimizle g\u00fc\u00e7l\u00fc ve etkili bir ba\u011f kurmay\u0131 hedefliyoruz. \u0130leti\u015fim s\u00fcrecinde \u015feffafl\u0131k, h\u0131zl\u0131 geri d\u00f6n\u00fc\u015f ve etkili \u00e7\u00f6z\u00fcmler \u00fcretmek en temel prensiplerimizdir. Projeleriniz i\u00e7in ilk ad\u0131mdan tamamlanma s\u00fcrecine kadar yan\u0131n\u0131zday\u0131z. 0212 881 17 61 info@haryap.com.tr Cumhuriyet Mh. D-100 Karayolu Cad \u0130stanbul Outlet Park No: 374\/149 B\u00dcY\u00dcK\u00c7EKMECE \/ \u0130STANBUL deneme<\/p>\n","protected":false},"author":1,"featured_media":8,"parent":0,"menu_order":0,"comment_status":"closed","ping_status":"closed","template":"","meta":{"footnotes":""},"class_list":["post-11","page","type-page","status-publish","has-post-thumbnail","hentry"],"_links":{"self":[{"href":"https:\/\/haryapproje.com\/index.php?rest_route=\/wp\/v2\/pages\/11","targetHints":{"allow":["GET"]}}],"collection":[{"href":"https:\/\/haryapproje.com\/index.php?rest_route=\/wp\/v2\/pages"}],"about":[{"href":"https:\/\/haryapproje.com\/index.php?rest_route=\/wp\/v2\/types\/page"}],"author":[{"embeddable":true,"href":"https:\/\/haryapproje.com\/index.php?rest_route=\/wp\/v2\/users\/1"}],"replies":[{"embeddable":true,"href":"https:\/\/haryapproje.com\/index.php?rest_route=%2Fwp%2Fv2%2Fcomments&post=11"}],"version-history":[{"count":20,"href":"https:\/\/haryapproje.com\/index.php?rest_route=\/wp\/v2\/pages\/11\/revisions"}],"predecessor-version":[{"id":197,"href":"https:\/\/haryapproje.com\/index.php?rest_route=\/wp\/v2\/pages\/11\/revisions\/197"}],"wp:featuredmedia":[{"embeddable":true,"href":"https:\/\/haryapproje.com\/index.php?rest_route=\/wp\/v2\/media\/8"}],"wp:attachment":[{"href":"https:\/\/haryapproje.com\/index.php?rest_route=%2Fwp%2Fv2%2Fmedia&parent=11"}],"curies":[{"name":"wp","href":"https:\/\/api.w.org\/{rel}","templated":true}]}}